{"id":88,"date":"2024-01-06T19:15:57","date_gmt":"2024-01-06T18:15:57","guid":{"rendered":"https:\/\/clubstgeorges.fr\/?post_type=tribe_events&#038;p=88"},"modified":"2024-08-31T19:05:42","modified_gmt":"2024-08-31T17:05:42","slug":"inauguration-du-club-st-georges","status":"publish","type":"tribe_events","link":"https:\/\/clubstgeorges.fr\/index.php\/evenement\/inauguration-du-club-st-georges\/","title":{"rendered":"Week-end d&rsquo;ouverture du Club St Georges de Vienne"},"content":{"rendered":"\r\n\r\n\r\n<p><strong>Ce Week-end d&rsquo;Ouverture du tout Nouveau Caveau-Jazz de Vienne du Club St Georges commence le vendredi 27 septembre<\/strong>.<\/p>\r\n<p><strong>Deux concerts d&rsquo;une heure, en Live avec Musiciens sur Sc\u00e8ne;<\/strong><br \/>Le premier de 18h45 \u00e0 19h45\u00a0\u00a0\u00a0 P.A.F. 12\/15\u20ac<br \/>Le second de 21h00 \u00e0 22h00\u00a0\u00a0\u00a0 P.A.F. 12\/15\u20ac<br \/>(12 \u20ac &lt; 25 ans) et (10\u20ac &lt; 12 ans)<\/p>\r\n<p>Ce soir <strong>Franck Rochard Trio.<br \/>Franck Rochard<\/strong> propose un style qui oscille entre jazz \u00e9lectrique (Pierre-Jean Gaucher, Pierre-Louis Garcia) et musique acoustique via une passion pour la guitare manouche (Romain Brizemur).<br \/>Il sera accompagn\u00e9 de deux musiciens, tous les trois faisant partie du Collectif des musiciens du Club Saint-Georges de Vienne.<\/p>\r\n<p><iframe loading=\"lazy\" title=\"Franck Rochard Trio Jazz \u00e0 Vienne 2024\" width=\"720\" height=\"405\" src=\"https:\/\/www.youtube.com\/embed\/1uwbIkaKCgw?feature=oembed\" frameborder=\"0\" allow=\"accelerometer; autoplay; clipboard-write; encrypted-media; gyroscope; picture-in-picture; web-share\" referrerpolicy=\"strict-origin-when-cross-origin\" allowfullscreen><\/iframe><\/p>\r\n<ul>\r\n<li><strong>Franck Rochard<\/strong> (guitare)<\/li>\r\n<li><strong>Nicolas Jacob\u00e9e<\/strong> (contrebasse)<\/li>\r\n<li><strong>Roger Boghossian<\/strong> (batterie)<\/li>\r\n<\/ul>\r\n<p>Inscrivez-vous \u00e0 notre Newsletter pour \u00eatre les premiers inform\u00e9s.<\/p>\r\n\r\n\r\n\r\n\r\n","protected":false},"excerpt":{"rendered":"<p>Ce Week-end d&rsquo;Ouverture du tout Nouveau Caveau-Jazz de Vienne du Club St Georges commence le vendredi 27 septembre. Deux concerts d&rsquo;une heure, en Live avec Musiciens sur Sc\u00e8ne;Le premier de&#8230;<\/p>\n","protected":false},"author":1,"featured_media":4869,"template":"","meta":{"_kad_post_transparent":"","_kad_post_title":"","_kad_post_layout":"","_kad_post_sidebar_id":"","_kad_post_content_style":"","_kad_post_vertical_padding":"","_kad_post_feature":"","_kad_post_feature_position":"","_kad_post_header":false,"_kad_post_footer":false,"_tribe_events_status":"","_tribe_events_status_reason":"","footnotes":""},"tags":[5],"tribe_events_cat":[],"class_list":["post-88","tribe_events","type-tribe_events","status-publish","has-post-thumbnail","hentry","tag-inauguration"],"_links":{"self":[{"href":"https:\/\/clubstgeorges.fr\/index.php\/wp-json\/wp\/v2\/tribe_events\/88","targetHints":{"allow":["GET"]}}],"collection":[{"href":"https:\/\/clubstgeorges.fr\/index.php\/wp-json\/wp\/v2\/tribe_events"}],"about":[{"href":"https:\/\/clubstgeorges.fr\/index.php\/wp-json\/wp\/v2\/types\/tribe_events"}],"author":[{"embeddable":true,"href":"https:\/\/clubstgeorges.fr\/index.php\/wp-json\/wp\/v2\/users\/1"}],"version-history":[{"count":10,"href":"https:\/\/clubstgeorges.fr\/index.php\/wp-json\/wp\/v2\/tribe_events\/88\/revisions"}],"predecessor-version":[{"id":4875,"href":"https:\/\/clubstgeorges.fr\/index.php\/wp-json\/wp\/v2\/tribe_events\/88\/revisions\/4875"}],"wp:featuredmedia":[{"embeddable":true,"href":"https:\/\/clubstgeorges.fr\/index.php\/wp-json\/wp\/v2\/media\/4869"}],"wp:attachment":[{"href":"https:\/\/clubstgeorges.fr\/index.php\/wp-json\/wp\/v2\/media?parent=88"}],"wp:term":[{"taxonomy":"post_tag","embeddable":true,"href":"https:\/\/clubstgeorges.fr\/index.php\/wp-json\/wp\/v2\/tags?post=88"},{"taxonomy":"tribe_events_cat","embeddable":true,"href":"https:\/\/clubstgeorges.fr\/index.php\/wp-json\/wp\/v2\/tribe_events_cat?post=88"}],"curies":[{"name":"wp","href":"https:\/\/api.w.org\/{rel}","templated":true}]}}

<p><strong>Ce Week-end d&rsquo;Ouverture du tout Nouveau Caveau-Jazz de Vienne du Club St Georges commence le vendredi 27 septembre</strong>.</p>
<p><strong>Deux concerts d&rsquo;une heure, en Live avec Musiciens sur Scène;</strong><br />Le premier de 18h45 à 19h45    P.A.F. 12/15€<br />Le second de 21h00 à 22h00    P.A.F. 12/15€<br />(12 € &lt; 25 ans) et (10€ &lt; 12 ans)</p>
<p>Ce soir <strong>Franck Rochard Trio.<br />Franck Rochard</strong> propose un style qui oscille entre jazz électrique (Pierre-Jean Gaucher, Pierre-Louis Garcia) et musique acoustique via une passion pour la guitare manouche (Romain Brizemur).<br />Il sera accompagné de deux musiciens, tous les trois faisant partie du Collectif des musiciens du Club Saint-Georges de Vienne.</p>
<p><iframe loading="lazy" title="Franck Rochard Trio Jazz à Vienne 2024" width="720" height="405" src="https://www.youtube.com/embed/1uwbIkaKCgw?feature=oembed" frameborder="0" allow="accelerometer; autoplay; clipboard-write; encrypted-media; gyroscope; picture-in-picture; web-share" referrerpolicy="strict-origin-when-cross-origin" allowfullscreen></iframe></p>
<ul>
<li><strong>Franck Rochard</strong> (guitare)</li>
<li><strong>Nicolas Jacobée</strong> (contrebasse)</li>
<li><strong>Roger Boghossian</strong> (batterie)</li>
</ul>
<p>Inscrivez-vous à notre Newsletter pour être les premiers informés.</p>

<p>Ce Week-end d&rsquo;Ouverture du tout Nouveau Caveau-Jazz de Vienne du Club St Georges commence le vendredi 27 septembre. Deux concerts d&rsquo;une heure, en Live avec Musiciens sur Scène;Le premier de&#8230;</p>
