{"id":5478,"date":"2025-07-28T13:43:37","date_gmt":"2025-07-28T11:43:37","guid":{"rendered":"https:\/\/clubstgeorges.fr\/?post_type=tribe_events&#038;p=5478"},"modified":"2026-01-10T22:09:02","modified_gmt":"2026-01-10T21:09:02","slug":"cheret-bellemin-guyot-trio","status":"publish","type":"tribe_events","link":"https:\/\/clubstgeorges.fr\/index.php\/evenement\/cheret-bellemin-guyot-trio\/","title":{"rendered":"Trio JAZZ Cheret Bellemin Guyot"},"content":{"rendered":"<p><strong>Deux s\u00e9ances concerts d\u2019une heure, en Live avec Musiciens sur Sc\u00e8ne;<\/strong><br \/>\nLe premier de 18h45 \u00e0 19h45\u00a0\u00a0\u00a0 P.A.F. 12\/15\u20ac<br \/>\nLe second de 21h00 \u00e0 22h00\u00a0\u00a0\u00a0 P.A.F. 12\/15\u20ac<br \/>\n(12 \u20ac &lt; 25 ans) et (10\u20ac &lt; 12 ans)<\/p>\n<p><strong>Michael Cheret<\/strong>,<span class=\"x193iq5w xeuugli x13faqbe x1vvkbs x1xmvt09 x1lliihq x1s928wv xhkezso x1gmr53x x1cpjm7i x1fgarty x1943h6x xudqn12 x3x7a5m x6prxxf xvq8zen xo1l8bm xzsf02u x1yc453h\" dir=\"auto\"> saxophoniste t\u00e9nor, est aussi un p\u00e9dagogue reconnu en France, actuellement professeur au Conservatoire de Lyon. Il a anim\u00e9 la jam-session du Sunset jazz club \u00e0 Paris pendant vingt ans et se produit depuis plusieurs ann\u00e9es dans des groupes aussi divers que <strong>Damon Brown quintet, Scott Hamilton, Ralph Moore et d\u2019autres.\u00a0<\/strong>Il m\u00e8ne aussi une carri\u00e8re de leader, avec 10 albums \u00e0 son actif.<\/span><\/p>\n<p><span class=\"ox-a5e9209ea6-size\"><span class=\"ox-a5e9209ea6-font\"><strong>Bruno Bellemin<\/strong>, <\/span><\/span><span class=\"ox-a5e9209ea6-size\"><span class=\"ox-a5e9209ea6-font\">Guitariste \u00e0 la fois interpr\u00e8te et compositeur, influenc\u00e9 par la tradition du jazz ( Joe Pass, Jim Hall , Pat Martino ..) A eu l\u2019occasion de jouer en sideman avec notamment <strong>Gilda Solve , Marc Thomas , le Grand Orchestre du Splendid, Nicolas Folmer<\/strong><\/span><\/span><\/p>\n<p><strong>Rapha\u00ebl Guyot<\/strong>, Contrebassiste, enseignant et compositeur, il pratique diffe\u0301rents styles allant du jazz \u00e0 la musique classique. Il a accompagn\u00e9 de nombreux musiciens de la r\u00e9gion Rh\u00f4ne-Alpes et m\u00e8ne \u00e9galement des<br \/>\nprojets en tant que leader.<\/p>\n<p><span class=\"x1lliihq x1plvlek xryxfnj x1n2onr6 x1ji0vk5 x18bv5gf x193iq5w xeuugli x1fj9vlw x13faqbe x1vvkbs x1s928wv xhkezso x1gmr53x x1cpjm7i x1fgarty x1943h6x x1i0vuye xvs91rp xo1l8bm x5n08af x10wh9bi xpm28yp x8viiok x1o7cslx\" dir=\"auto\"><span class=\"x193iq5w xeuugli x13faqbe x1vvkbs xt0psk2 x1i0vuye xvs91rp xo1l8bm x5n08af x10wh9bi xpm28yp x8viiok x1o7cslx x126k92a\">Ils proposent un r\u00e9pertoire jazz, haut en couleur avec des standards tr\u00e8s connus et d\u2019autres un peu moins ! <\/span><\/span><\/p>\n<p>&nbsp;<\/p>\n<div class=\"wp-playlist wp-video-playlist wp-playlist-light\">\n\t\t<video controls=\"controls\" preload=\"none\" width=\"1268\"\n\t\t height=\"715\"\t><\/video>\n\t<div class=\"wp-playlist-next\"><\/div>\n\t<div class=\"wp-playlist-prev\"><\/div>\n\t<noscript>\n\t<ol>\n\t\t<li><a href='https:\/\/clubstgeorges.fr\/wp-content\/uploads\/2025\/07\/4tet-saxo.mp4'>4tet-saxo<\/a><\/li>\t<\/ol>\n\t<\/noscript>\n\t<script type=\"application\/json\" class=\"wp-playlist-script\">{\"type\":\"video\",\"tracklist\":true,\"tracknumbers\":true,\"images\":true,\"artists\":true,\"tracks\":[{\"src\":\"https:\/\/clubstgeorges.fr\/wp-content\/uploads\/2025\/07\/4tet-saxo.mp4\",\"type\":\"video\/mp4\",\"title\":\"4tet-saxo\",\"caption\":\"\",\"description\":\"\",\"meta\":{\"length_formatted\":\"4:04\"},\"dimensions\":{\"original\":{\"width\":848,\"height\":478},\"resized\":{\"width\":1268,\"height\":715}},\"image\":{\"src\":\"https:\/\/clubstgeorges.fr\/wp-includes\/images\/media\/video.svg\",\"width\":48,\"height\":64},\"thumb\":{\"src\":\"https:\/\/clubstgeorges.fr\/wp-includes\/images\/media\/video.svg\",\"width\":48,\"height\":64}}]}<\/script>\n<\/div>\n\t\n<p><strong>Line up:<\/strong><br \/>\n<strong>Michael Cheret<\/strong> : saxophones<br \/>\n<strong>Bruno Bellemin:\u00a0<\/strong> guitare<br \/>\n<strong>Rapha\u00ebl guyot<\/strong> : contrebasse<br \/>\nEn Guest <strong>Roger Boghossian<\/strong> \u00e0 la batterie<\/p>\n<p>R\u00e9servation au 06 83 81 55 21 ou\u00a0<a href=\"https:\/\/www.helloasso.com\/associations\/club-saint-georges\/evenements\/trio-jazz-cheret-bellemin-guyot\" target=\"_blank\" rel=\"noopener\">HelloASSO<\/a><\/p>\n","protected":false},"excerpt":{"rendered":"<p>Un jazz haut en couleur, de standards tr\u00e8s connus et d\u2019autres un peu moins ! <\/p>\n","protected":false},"author":1,"featured_media":5481,"template":"","meta":{"_kad_post_transparent":"","_kad_post_title":"","_kad_post_layout":"","_kad_post_sidebar_id":"","_kad_post_content_style":"","_kad_post_vertical_padding":"","_kad_post_feature":"","_kad_post_feature_position":"","_kad_post_header":false,"_kad_post_footer":false,"_tribe_events_status":"","_tribe_events_status_reason":"","footnotes":""},"tags":[],"tribe_events_cat":[],"class_list":["post-5478","tribe_events","type-tribe_events","status-publish","has-post-thumbnail","hentry"],"_links":{"self":[{"href":"https:\/\/clubstgeorges.fr\/index.php\/wp-json\/wp\/v2\/tribe_events\/5478","targetHints":{"allow":["GET"]}}],"collection":[{"href":"https:\/\/clubstgeorges.fr\/index.php\/wp-json\/wp\/v2\/tribe_events"}],"about":[{"href":"https:\/\/clubstgeorges.fr\/index.php\/wp-json\/wp\/v2\/types\/tribe_events"}],"author":[{"embeddable":true,"href":"https:\/\/clubstgeorges.fr\/index.php\/wp-json\/wp\/v2\/users\/1"}],"version-history":[{"count":12,"href":"https:\/\/clubstgeorges.fr\/index.php\/wp-json\/wp\/v2\/tribe_events\/5478\/revisions"}],"predecessor-version":[{"id":5607,"href":"https:\/\/clubstgeorges.fr\/index.php\/wp-json\/wp\/v2\/tribe_events\/5478\/revisions\/5607"}],"wp:featuredmedia":[{"embeddable":true,"href":"https:\/\/clubstgeorges.fr\/index.php\/wp-json\/wp\/v2\/media\/5481"}],"wp:attachment":[{"href":"https:\/\/clubstgeorges.fr\/index.php\/wp-json\/wp\/v2\/media?parent=5478"}],"wp:term":[{"taxonomy":"post_tag","embeddable":true,"href":"https:\/\/clubstgeorges.fr\/index.php\/wp-json\/wp\/v2\/tags?post=5478"},{"taxonomy":"tribe_events_cat","embeddable":true,"href":"https:\/\/clubstgeorges.fr\/index.php\/wp-json\/wp\/v2\/tribe_events_cat?post=5478"}],"curies":[{"name":"wp","href":"https:\/\/api.w.org\/{rel}","templated":true}]}}

<p><strong>Deux séances concerts d’une heure, en Live avec Musiciens sur Scène;</strong><br />
Le premier de 18h45 à 19h45    P.A.F. 12/15€<br />
Le second de 21h00 à 22h00    P.A.F. 12/15€<br />
(12 € &lt; 25 ans) et (10€ &lt; 12 ans)</p>
<p><strong>Michael Cheret</strong>,<span class="x193iq5w xeuugli x13faqbe x1vvkbs x1xmvt09 x1lliihq x1s928wv xhkezso x1gmr53x x1cpjm7i x1fgarty x1943h6x xudqn12 x3x7a5m x6prxxf xvq8zen xo1l8bm xzsf02u x1yc453h" dir="auto"> saxophoniste ténor, est aussi un pédagogue reconnu en France, actuellement professeur au Conservatoire de Lyon. Il a animé la jam-session du Sunset jazz club à Paris pendant vingt ans et se produit depuis plusieurs années dans des groupes aussi divers que <strong>Damon Brown quintet, Scott Hamilton, Ralph Moore et d’autres. </strong>Il mène aussi une carrière de leader, avec 10 albums à son actif.</span></p>
<p><span class="ox-a5e9209ea6-size"><span class="ox-a5e9209ea6-font"><strong>Bruno Bellemin</strong>, </span></span><span class="ox-a5e9209ea6-size"><span class="ox-a5e9209ea6-font">Guitariste à la fois interprète et compositeur, influencé par la tradition du jazz ( Joe Pass, Jim Hall , Pat Martino ..) A eu l’occasion de jouer en sideman avec notamment <strong>Gilda Solve , Marc Thomas , le Grand Orchestre du Splendid, Nicolas Folmer</strong></span></span></p>
<p><strong>Raphaël Guyot</strong>, Contrebassiste, enseignant et compositeur, il pratique différents styles allant du jazz à la musique classique. Il a accompagné de nombreux musiciens de la région Rhône-Alpes et mène également des<br />
projets en tant que leader.</p>
<p><span class="x1lliihq x1plvlek xryxfnj x1n2onr6 x1ji0vk5 x18bv5gf x193iq5w xeuugli x1fj9vlw x13faqbe x1vvkbs x1s928wv xhkezso x1gmr53x x1cpjm7i x1fgarty x1943h6x x1i0vuye xvs91rp xo1l8bm x5n08af x10wh9bi xpm28yp x8viiok x1o7cslx" dir="auto"><span class="x193iq5w xeuugli x13faqbe x1vvkbs xt0psk2 x1i0vuye xvs91rp xo1l8bm x5n08af x10wh9bi xpm28yp x8viiok x1o7cslx x126k92a">Ils proposent un répertoire jazz, haut en couleur avec des standards très connus et d’autres un peu moins ! </span></span></p>
<p>&nbsp;</p>
<div class="wp-playlist wp-video-playlist wp-playlist-light">
		<video controls="controls" preload="none" width="1268"
		 height="715"	></video>
	<div class="wp-playlist-next"></div>
	<div class="wp-playlist-prev"></div>
	<noscript>
	<ol>
		<li><a href='https://clubstgeorges.fr/wp-content/uploads/2025/07/4tet-saxo.mp4'>4tet-saxo</a></li>	</ol>
	</noscript>
	<script type="application/json" class="wp-playlist-script">{"type":"video","tracklist":true,"tracknumbers":true,"images":true,"artists":true,"tracks":[{"src":"https://clubstgeorges.fr/wp-content/uploads/2025/07/4tet-saxo.mp4","type":"video/mp4","title":"4tet-saxo","caption":"","description":"","meta":{"length_formatted":"4:04"},"dimensions":{"original":{"width":848,"height":478},"resized":{"width":1268,"height":715}},"image":{"src":"https://clubstgeorges.fr/wp-includes/images/media/video.svg","width":48,"height":64},"thumb":{"src":"https://clubstgeorges.fr/wp-includes/images/media/video.svg","width":48,"height":64}}]}</script>
</div>
	
<p><strong>Line up:</strong><br />
<strong>Michael Cheret</strong> : saxophones<br />
<strong>Bruno Bellemin: </strong> guitare<br />
<strong>Raphaël guyot</strong> : contrebasse<br />
En Guest <strong>Roger Boghossian</strong> à la batterie</p>
<p>Réservation au 06 83 81 55 21 ou <a href="https://www.helloasso.com/associations/club-saint-georges/evenements/trio-jazz-cheret-bellemin-guyot" target="_blank" rel="noopener">HelloASSO</a></p>

<p>Un jazz haut en couleur, de standards très connus et d’autres un peu moins ! </p>
