{"id":5441,"date":"2025-07-14T15:06:13","date_gmt":"2025-07-14T13:06:13","guid":{"rendered":"https:\/\/clubstgeorges.fr\/?post_type=tribe_events&#038;p=5441"},"modified":"2025-10-13T13:28:19","modified_gmt":"2025-10-13T11:28:19","slug":"jazz-et-peinture-4","status":"publish","type":"tribe_events","link":"https:\/\/clubstgeorges.fr\/index.php\/evenement\/jazz-et-peinture-4\/","title":{"rendered":"Jazz et Peinture"},"content":{"rendered":"<p><strong>Deux s\u00e9ances concerts d\u2019une heure, en Live avec Musiciens sur Sc\u00e8ne;<\/strong><br \/>\nLa premi\u00e8re de 18h45 \u00e0 19h45 \u00a0\u00a0 P.A.F. 12\/15\u20ac<br \/>\nLa seconde de 21h00 \u00e0 22h00 \u00a0\u00a0 P.A.F. 12\/15\u20ac<\/p>\n<p><strong>Une rencontre entre la musique et l&rsquo;art plastique !<\/strong><\/p>\n<p>Le contrebassiste <strong>Rapha\u00ebl Guyot<\/strong> invite <strong>Pascal Perrier<\/strong>, pour un dialogue entre la contrebasse et le piano.<br \/>\nIls joueront ensemble de grandes m\u00e9lodies du jazz, de <strong>Keith Jarret<\/strong> \u00e0 <strong>Brad Meldhau<\/strong> en passant par <strong>Enrico Pieranunzi,<\/strong><br \/>\ndes compositions originales et des r\u00e9arrangements de grands th\u00e8mes de la chanson fran\u00e7aise.<\/p>\n<p><a href=\"https:\/\/drive.google.com\/drive\/folders\/1V33XvT5WW3pnc3lTFna_xZvdGXMQD3UE?usp=drive_link\">Un peu d&rsquo;\u00e9coute?<\/a><\/p>\n<p><strong>Pascal Perrier<\/strong> : piano<br \/>\n<strong>Rapha\u00ebl Guyot<\/strong> : contrebasse<\/p>\n<p><img loading=\"lazy\" decoding=\"async\" class=\"wp-image-5516 size-medium alignleft\" src=\"https:\/\/clubstgeorges.fr\/wp-content\/uploads\/2025\/07\/Capture-decran-2025-09-26-105154-300x219.png\" alt=\"\" width=\"300\" height=\"219\" srcset=\"https:\/\/clubstgeorges.fr\/wp-content\/uploads\/2025\/07\/Capture-decran-2025-09-26-105154-300x219.png 300w, https:\/\/clubstgeorges.fr\/wp-content\/uploads\/2025\/07\/Capture-decran-2025-09-26-105154-768x561.png 768w, https:\/\/clubstgeorges.fr\/wp-content\/uploads\/2025\/07\/Capture-decran-2025-09-26-105154.png 901w\" sizes=\"auto, (max-width: 300px) 100vw, 300px\" \/><\/p>\n<p>&nbsp;<\/p>\n<p>Ils seront en co-plateau avec l&rsquo;artiste plasticien viennois<strong> G\u00e9rard Escot <\/strong>qui s&rsquo;est sp\u00e9cialis\u00e9<br \/>\ndans le collage d\u2019affiches ou de souvenirs de papier du temps pass\u00e9<strong>.<\/strong><\/p>\n<p>Pour lui, le collage, <em>&lt;&lt; c\u2019est comme le jazz, c\u2019est une forme d\u2019improvisation,<br \/>\nil part d\u2019un th\u00e8me qu&rsquo;il d\u00e9veloppe sur la toile\u00a0<\/em><strong>&gt;&gt;<\/strong><\/p>\n<p>&nbsp;<\/p>\n<p>R\u00e9servation au 06 83 81 55 21 ou\u00a0<a href=\"https:\/\/www.helloasso.com\/associations\/club-saint-georges\/evenements\/jazz-et-peinture-1\">HelloAsso<\/a><\/p>\n","protected":false},"excerpt":{"rendered":"<p>Une rencontre entre la musique et l&rsquo;art plastique !<\/p>\n","protected":false},"author":1,"featured_media":5542,"template":"","meta":{"_kad_post_transparent":"","_kad_post_title":"","_kad_post_layout":"","_kad_post_sidebar_id":"","_kad_post_content_style":"","_kad_post_vertical_padding":"","_kad_post_feature":"","_kad_post_feature_position":"","_kad_post_header":false,"_kad_post_footer":false,"_tribe_events_status":"","_tribe_events_status_reason":"","footnotes":""},"tags":[],"tribe_events_cat":[],"class_list":["post-5441","tribe_events","type-tribe_events","status-publish","has-post-thumbnail","hentry"],"_links":{"self":[{"href":"https:\/\/clubstgeorges.fr\/index.php\/wp-json\/wp\/v2\/tribe_events\/5441","targetHints":{"allow":["GET"]}}],"collection":[{"href":"https:\/\/clubstgeorges.fr\/index.php\/wp-json\/wp\/v2\/tribe_events"}],"about":[{"href":"https:\/\/clubstgeorges.fr\/index.php\/wp-json\/wp\/v2\/types\/tribe_events"}],"author":[{"embeddable":true,"href":"https:\/\/clubstgeorges.fr\/index.php\/wp-json\/wp\/v2\/users\/1"}],"version-history":[{"count":11,"href":"https:\/\/clubstgeorges.fr\/index.php\/wp-json\/wp\/v2\/tribe_events\/5441\/revisions"}],"predecessor-version":[{"id":5521,"href":"https:\/\/clubstgeorges.fr\/index.php\/wp-json\/wp\/v2\/tribe_events\/5441\/revisions\/5521"}],"wp:featuredmedia":[{"embeddable":true,"href":"https:\/\/clubstgeorges.fr\/index.php\/wp-json\/wp\/v2\/media\/5542"}],"wp:attachment":[{"href":"https:\/\/clubstgeorges.fr\/index.php\/wp-json\/wp\/v2\/media?parent=5441"}],"wp:term":[{"taxonomy":"post_tag","embeddable":true,"href":"https:\/\/clubstgeorges.fr\/index.php\/wp-json\/wp\/v2\/tags?post=5441"},{"taxonomy":"tribe_events_cat","embeddable":true,"href":"https:\/\/clubstgeorges.fr\/index.php\/wp-json\/wp\/v2\/tribe_events_cat?post=5441"}],"curies":[{"name":"wp","href":"https:\/\/api.w.org\/{rel}","templated":true}]}}

<p><strong>Deux séances concerts d’une heure, en Live avec Musiciens sur Scène;</strong><br />
La première de 18h45 à 19h45    P.A.F. 12/15€<br />
La seconde de 21h00 à 22h00    P.A.F. 12/15€</p>
<p><strong>Une rencontre entre la musique et l&rsquo;art plastique !</strong></p>
<p>Le contrebassiste <strong>Raphaël Guyot</strong> invite <strong>Pascal Perrier</strong>, pour un dialogue entre la contrebasse et le piano.<br />
Ils joueront ensemble de grandes mélodies du jazz, de <strong>Keith Jarret</strong> à <strong>Brad Meldhau</strong> en passant par <strong>Enrico Pieranunzi,</strong><br />
des compositions originales et des réarrangements de grands thèmes de la chanson française.</p>
<p><a href="https://drive.google.com/drive/folders/1V33XvT5WW3pnc3lTFna_xZvdGXMQD3UE?usp=drive_link">Un peu d&rsquo;écoute?</a></p>
<p><strong>Pascal Perrier</strong> : piano<br />
<strong>Raphaël Guyot</strong> : contrebasse</p>
<p><img loading="lazy" decoding="async" class="wp-image-5516 size-medium alignleft" src="https://clubstgeorges.fr/wp-content/uploads/2025/07/Capture-decran-2025-09-26-105154-300x219.png" alt="" width="300" height="219" srcset="https://clubstgeorges.fr/wp-content/uploads/2025/07/Capture-decran-2025-09-26-105154-300x219.png 300w, https://clubstgeorges.fr/wp-content/uploads/2025/07/Capture-decran-2025-09-26-105154-768x561.png 768w, https://clubstgeorges.fr/wp-content/uploads/2025/07/Capture-decran-2025-09-26-105154.png 901w" sizes="auto, (max-width: 300px) 100vw, 300px" /></p>
<p>&nbsp;</p>
<p>Ils seront en co-plateau avec l&rsquo;artiste plasticien viennois<strong> Gérard Escot </strong>qui s&rsquo;est spécialisé<br />
dans le collage d’affiches ou de souvenirs de papier du temps passé<strong>.</strong></p>
<p>Pour lui, le collage, <em>&lt;&lt; c’est comme le jazz, c’est une forme d’improvisation,<br />
il part d’un thème qu&rsquo;il développe sur la toile </em><strong>&gt;&gt;</strong></p>
<p>&nbsp;</p>
<p>Réservation au 06 83 81 55 21 ou <a href="https://www.helloasso.com/associations/club-saint-georges/evenements/jazz-et-peinture-1">HelloAsso</a></p>
