{"id":5399,"date":"2025-06-22T12:02:33","date_gmt":"2025-06-22T10:02:33","guid":{"rendered":"https:\/\/clubstgeorges.fr\/?post_type=tribe_events&#038;p=5399"},"modified":"2025-09-18T20:33:37","modified_gmt":"2025-09-18T18:33:37","slug":"trio-bermann-hommage-a-astor-piazzolla","status":"publish","type":"tribe_events","link":"https:\/\/clubstgeorges.fr\/index.php\/evenement\/trio-bermann-hommage-a-astor-piazzolla\/","title":{"rendered":"Trio Bermann &#8211; Hommage \u00e0 Astor Piazzolla"},"content":{"rendered":"<p><strong><span class=\"x193iq5w xeuugli x13faqbe x1vvkbs x1xmvt09 x1lliihq x1s928wv xhkezso x1gmr53x x1cpjm7i x1fgarty x1943h6x xudqn12 x3x7a5m x6prxxf xvq8zen xo1l8bm xzsf02u x1yc453h\" dir=\"auto\">Premier anniversaire du Jazz Club St Georges de Vienne !<\/span><\/strong><\/p>\n<p><span class=\"x193iq5w xeuugli x13faqbe x1vvkbs x1xmvt09 x1lliihq x1s928wv xhkezso x1gmr53x x1cpjm7i x1fgarty x1943h6x xudqn12 x3x7a5m x6prxxf xvq8zen xo1l8bm xzsf02u\" dir=\"auto\">Deux s\u00e9ances concerts d\u2019une heure, en Live avec Musiciens sur Sc\u00e8ne;<br class=\"html-br\" \/>La premi\u00e8re de 18h45 \u00e0 19h45 P.A.F. 12\/15\u20ac<br class=\"html-br\" \/>La seconde de 21h00 \u00e0 22h00 P.A.F. 12\/15\u20ac<\/span><\/p>\n<p>P\u00e8re du tango moderne, <strong>Astor Piazzolla<\/strong> lui a donn\u00e9 ses lettres de noblesse!<br \/>\nLe <strong>trio Berman<\/strong>, bandon\u00e9on, clavier-chant et clarinette consacr\u00e9 \u00e0 <strong>Piazzolla<\/strong>, alterne entre univers intimiste et chaleur sud-am\u00e9ricaine..La clarinette\u00a0 ajoute une touche classique et tr\u00e8s sensible \u00e0 l&rsquo;ensemble.<\/p>\n<p>&lt;&lt; <em>Compos\u00e9 de<strong> Sandrine Ravier<\/strong> au piano et au chant, de <strong>Dominique Vandenbrouck<\/strong> au bandon\u00e9on, l\u2019instrument phare du tango, \u00f4 combien \u00e9vocateur et <strong>Jean-Marc Kasbarian<\/strong> aux clarinettes, ce trio revisite avec brio tout le parcours du compositeur argentin, exprimant fort bien la nostalgie et l\u2019\u00e9motion qu\u2019exprime cette musique inclassable, mais qui par la richesse de son expression atteint l\u2019universel.<\/em>&gt;&gt;<strong> Dominique Largeron JazzIn&rsquo;Lyon<\/strong><\/p>\n<div class=\"entry-content-asset videofit\"><iframe loading=\"lazy\" title=\"Trio Bermann - Hommage \u00e0 Piazzolla\" width=\"720\" height=\"405\" src=\"https:\/\/www.youtube.com\/embed\/sTf-3f3gzw4?feature=oembed\" frameborder=\"0\" allow=\"accelerometer; autoplay; clipboard-write; encrypted-media; gyroscope; picture-in-picture; web-share\" referrerpolicy=\"strict-origin-when-cross-origin\" allowfullscreen><\/iframe><\/div>\n<p>Line-up:<br \/>\n<span class=\"yt-core-attributed-string yt-core-attributed-string--white-space-pre-wrap\" dir=\"auto\" role=\"text\"><span class=\"yt-core-attributed-string--link-inherit-color\" dir=\"auto\"><strong>Sandrine Ravier<\/strong> &#8211; piano et chant<br \/>\n<\/span><\/span><span class=\"yt-core-attributed-string yt-core-attributed-string--white-space-pre-wrap\" dir=\"auto\" role=\"text\"><span class=\"yt-core-attributed-string--link-inherit-color\" dir=\"auto\"><strong> Dominique Vandenbrouck<\/strong> &#8211; bandon\u00e9on<br \/>\n<strong>Jean-Marc Kasbarian<\/strong> &#8211; clarinettes<\/span><\/span><\/p>\n<p><span class=\"x193iq5w xeuugli x13faqbe x1vvkbs x1xmvt09 x1lliihq x1s928wv xhkezso x1gmr53x x1cpjm7i x1fgarty x1943h6x xudqn12 x3x7a5m x6prxxf xvq8zen xo1l8bm xzsf02u\" dir=\"auto\">R\u00e9servation conseill\u00e9e au 06 83 81 55 21<\/span> ou par\u00a0<a href=\"https:\/\/www.helloasso.com\/associations\/club-saint-georges\/evenements\/trio-bermann-hommage-a-astor-piazzolla\">HelloAsso<\/a><\/p>\n","protected":false},"excerpt":{"rendered":"<p>Un concert en trio, bandon\u00e9on, clavier-chant et clarinette consacr\u00e9 \u00e0 Piazzolla <\/p>\n","protected":false},"author":1,"featured_media":5402,"template":"","meta":{"_kad_post_transparent":"","_kad_post_title":"","_kad_post_layout":"","_kad_post_sidebar_id":"","_kad_post_content_style":"","_kad_post_vertical_padding":"","_kad_post_feature":"","_kad_post_feature_position":"","_kad_post_header":false,"_kad_post_footer":false,"_tribe_events_status":"","_tribe_events_status_reason":"","footnotes":""},"tags":[],"tribe_events_cat":[],"class_list":["post-5399","tribe_events","type-tribe_events","status-publish","has-post-thumbnail","hentry"],"_links":{"self":[{"href":"https:\/\/clubstgeorges.fr\/index.php\/wp-json\/wp\/v2\/tribe_events\/5399","targetHints":{"allow":["GET"]}}],"collection":[{"href":"https:\/\/clubstgeorges.fr\/index.php\/wp-json\/wp\/v2\/tribe_events"}],"about":[{"href":"https:\/\/clubstgeorges.fr\/index.php\/wp-json\/wp\/v2\/types\/tribe_events"}],"author":[{"embeddable":true,"href":"https:\/\/clubstgeorges.fr\/index.php\/wp-json\/wp\/v2\/users\/1"}],"version-history":[{"count":8,"href":"https:\/\/clubstgeorges.fr\/index.php\/wp-json\/wp\/v2\/tribe_events\/5399\/revisions"}],"predecessor-version":[{"id":5507,"href":"https:\/\/clubstgeorges.fr\/index.php\/wp-json\/wp\/v2\/tribe_events\/5399\/revisions\/5507"}],"wp:featuredmedia":[{"embeddable":true,"href":"https:\/\/clubstgeorges.fr\/index.php\/wp-json\/wp\/v2\/media\/5402"}],"wp:attachment":[{"href":"https:\/\/clubstgeorges.fr\/index.php\/wp-json\/wp\/v2\/media?parent=5399"}],"wp:term":[{"taxonomy":"post_tag","embeddable":true,"href":"https:\/\/clubstgeorges.fr\/index.php\/wp-json\/wp\/v2\/tags?post=5399"},{"taxonomy":"tribe_events_cat","embeddable":true,"href":"https:\/\/clubstgeorges.fr\/index.php\/wp-json\/wp\/v2\/tribe_events_cat?post=5399"}],"curies":[{"name":"wp","href":"https:\/\/api.w.org\/{rel}","templated":true}]}}

Trio Bermann &#8211; Hommage à Astor Piazzolla

<p><strong><span class="x193iq5w xeuugli x13faqbe x1vvkbs x1xmvt09 x1lliihq x1s928wv xhkezso x1gmr53x x1cpjm7i x1fgarty x1943h6x xudqn12 x3x7a5m x6prxxf xvq8zen xo1l8bm xzsf02u x1yc453h" dir="auto">Premier anniversaire du Jazz Club St Georges de Vienne !</span></strong></p>
<p><span class="x193iq5w xeuugli x13faqbe x1vvkbs x1xmvt09 x1lliihq x1s928wv xhkezso x1gmr53x x1cpjm7i x1fgarty x1943h6x xudqn12 x3x7a5m x6prxxf xvq8zen xo1l8bm xzsf02u" dir="auto">Deux séances concerts d’une heure, en Live avec Musiciens sur Scène;<br class="html-br" />La première de 18h45 à 19h45 P.A.F. 12/15€<br class="html-br" />La seconde de 21h00 à 22h00 P.A.F. 12/15€</span></p>
<p>Père du tango moderne, <strong>Astor Piazzolla</strong> lui a donné ses lettres de noblesse!<br />
Le <strong>trio Berman</strong>, bandonéon, clavier-chant et clarinette consacré à <strong>Piazzolla</strong>, alterne entre univers intimiste et chaleur sud-américaine..La clarinette  ajoute une touche classique et très sensible à l&rsquo;ensemble.</p>
<p>&lt;&lt; <em>Composé de<strong> Sandrine Ravier</strong> au piano et au chant, de <strong>Dominique Vandenbrouck</strong> au bandonéon, l’instrument phare du tango, ô combien évocateur et <strong>Jean-Marc Kasbarian</strong> aux clarinettes, ce trio revisite avec brio tout le parcours du compositeur argentin, exprimant fort bien la nostalgie et l’émotion qu’exprime cette musique inclassable, mais qui par la richesse de son expression atteint l’universel.</em>&gt;&gt;<strong> Dominique Largeron JazzIn&rsquo;Lyon</strong></p>
<div class="entry-content-asset videofit"><iframe loading="lazy" title="Trio Bermann - Hommage à Piazzolla" width="720" height="405" src="https://www.youtube.com/embed/sTf-3f3gzw4?feature=oembed" frameborder="0" allow="accelerometer; autoplay; clipboard-write; encrypted-media; gyroscope; picture-in-picture; web-share" referrerpolicy="strict-origin-when-cross-origin" allowfullscreen></iframe></div>
<p>Line-up:<br />
<span class="yt-core-attributed-string yt-core-attributed-string--white-space-pre-wrap" dir="auto" role="text"><span class="yt-core-attributed-string--link-inherit-color" dir="auto"><strong>Sandrine Ravier</strong> &#8211; piano et chant<br />
</span></span><span class="yt-core-attributed-string yt-core-attributed-string--white-space-pre-wrap" dir="auto" role="text"><span class="yt-core-attributed-string--link-inherit-color" dir="auto"><strong> Dominique Vandenbrouck</strong> &#8211; bandonéon<br />
<strong>Jean-Marc Kasbarian</strong> &#8211; clarinettes</span></span></p>
<p><span class="x193iq5w xeuugli x13faqbe x1vvkbs x1xmvt09 x1lliihq x1s928wv xhkezso x1gmr53x x1cpjm7i x1fgarty x1943h6x xudqn12 x3x7a5m x6prxxf xvq8zen xo1l8bm xzsf02u" dir="auto">Réservation conseillée au 06 83 81 55 21</span> ou par <a href="https://www.helloasso.com/associations/club-saint-georges/evenements/trio-bermann-hommage-a-astor-piazzolla">HelloAsso</a></p>

<p>Un concert en trio, bandonéon, clavier-chant et clarinette consacré à Piazzolla </p>
