{"id":5360,"date":"2025-05-29T19:48:22","date_gmt":"2025-05-29T17:48:22","guid":{"rendered":"https:\/\/clubstgeorges.fr\/?post_type=tribe_events&#038;p=5360"},"modified":"2025-07-15T21:06:05","modified_gmt":"2025-07-15T19:06:05","slug":"terez-montcalm-jazz-a-vienne","status":"publish","type":"tribe_events","link":"https:\/\/clubstgeorges.fr\/index.php\/evenement\/terez-montcalm-jazz-a-vienne\/","title":{"rendered":"T\u00e9rez Montcalm \/ Jazz \u00e0 Vienne"},"content":{"rendered":"<p><strong>Notre marraine qu\u00e9becoise T\u00e9rez Montcalm\u00a0 sera au festival de Jazz \u00e0 Vienne au Club de minuit!<\/strong><\/p>\n<p><strong>T\u00e9rez Montcalm,<\/strong> est une figure incontournable de la sc\u00e8ne jazz canadienne. Elle a su s\u2019imposer gr\u00e2ce \u00e0 une voix puissante et expressive, qui lui permet d\u2019explorer un vaste \u00e9ventail de styles musicaux, tout en restant ancr\u00e9e dans le jazz !<\/p>\n<p>\u00ab\u00a0je fais ce m\u00e9tier pour la sc\u00e8ne, j&rsquo;aime la spontan\u00e9it\u00e9, la r\u00e9action du public, il y a une r\u00e9ponse, on est ensemble.\u00a0\u00bb <strong>Terez Montcalm<\/strong> :<\/p>\n<div dir=\"auto\"><\/div>\n<div class=\"entry-content-asset videofit\"><iframe loading=\"lazy\" title=\"T\u00e9rez Montcalm trio au jazz club Lyon St Georges le 18 juin 2016\" width=\"720\" height=\"405\" src=\"https:\/\/www.youtube.com\/embed\/UazOar_0pH0?feature=oembed\" frameborder=\"0\" allow=\"accelerometer; autoplay; clipboard-write; encrypted-media; gyroscope; picture-in-picture; web-share\" referrerpolicy=\"strict-origin-when-cross-origin\" allowfullscreen><\/iframe><\/div>\n<p>&nbsp;<\/p>\n","protected":false},"excerpt":{"rendered":"<p>Notre marraine qu\u00e9becoise T\u00e9rez Montcalm  sera au festival de Jazz \u00e0 Vienne au Club de minuit!<\/p>\n","protected":false},"author":1,"featured_media":5455,"template":"","meta":{"_kad_post_transparent":"","_kad_post_title":"","_kad_post_layout":"","_kad_post_sidebar_id":"","_kad_post_content_style":"","_kad_post_vertical_padding":"","_kad_post_feature":"","_kad_post_feature_position":"","_kad_post_header":false,"_kad_post_footer":false,"_tribe_events_status":"","_tribe_events_status_reason":"","footnotes":""},"tags":[],"tribe_events_cat":[],"class_list":["post-5360","tribe_events","type-tribe_events","status-publish","has-post-thumbnail","hentry"],"_links":{"self":[{"href":"https:\/\/clubstgeorges.fr\/index.php\/wp-json\/wp\/v2\/tribe_events\/5360","targetHints":{"allow":["GET"]}}],"collection":[{"href":"https:\/\/clubstgeorges.fr\/index.php\/wp-json\/wp\/v2\/tribe_events"}],"about":[{"href":"https:\/\/clubstgeorges.fr\/index.php\/wp-json\/wp\/v2\/types\/tribe_events"}],"author":[{"embeddable":true,"href":"https:\/\/clubstgeorges.fr\/index.php\/wp-json\/wp\/v2\/users\/1"}],"version-history":[{"count":8,"href":"https:\/\/clubstgeorges.fr\/index.php\/wp-json\/wp\/v2\/tribe_events\/5360\/revisions"}],"predecessor-version":[{"id":5417,"href":"https:\/\/clubstgeorges.fr\/index.php\/wp-json\/wp\/v2\/tribe_events\/5360\/revisions\/5417"}],"wp:featuredmedia":[{"embeddable":true,"href":"https:\/\/clubstgeorges.fr\/index.php\/wp-json\/wp\/v2\/media\/5455"}],"wp:attachment":[{"href":"https:\/\/clubstgeorges.fr\/index.php\/wp-json\/wp\/v2\/media?parent=5360"}],"wp:term":[{"taxonomy":"post_tag","embeddable":true,"href":"https:\/\/clubstgeorges.fr\/index.php\/wp-json\/wp\/v2\/tags?post=5360"},{"taxonomy":"tribe_events_cat","embeddable":true,"href":"https:\/\/clubstgeorges.fr\/index.php\/wp-json\/wp\/v2\/tribe_events_cat?post=5360"}],"curies":[{"name":"wp","href":"https:\/\/api.w.org\/{rel}","templated":true}]}}

Térez Montcalm / Jazz à Vienne

<p><strong>Notre marraine québecoise Térez Montcalm  sera au festival de Jazz à Vienne au Club de minuit!</strong></p>
<p><strong>Térez Montcalm,</strong> est une figure incontournable de la scène jazz canadienne. Elle a su s’imposer grâce à une voix puissante et expressive, qui lui permet d’explorer un vaste éventail de styles musicaux, tout en restant ancrée dans le jazz !</p>
<p>« je fais ce métier pour la scène, j&rsquo;aime la spontanéité, la réaction du public, il y a une réponse, on est ensemble. » <strong>Terez Montcalm</strong> :</p>
<div dir="auto"></div>
<div class="entry-content-asset videofit"><iframe loading="lazy" title="Térez Montcalm trio au jazz club Lyon St Georges le 18 juin 2016" width="720" height="405" src="https://www.youtube.com/embed/UazOar_0pH0?feature=oembed" frameborder="0" allow="accelerometer; autoplay; clipboard-write; encrypted-media; gyroscope; picture-in-picture; web-share" referrerpolicy="strict-origin-when-cross-origin" allowfullscreen></iframe></div>
<p>&nbsp;</p>

<p>Notre marraine québecoise Térez Montcalm  sera au festival de Jazz à Vienne au Club de minuit!</p>
