{"id":4817,"date":"2024-04-08T11:19:07","date_gmt":"2024-04-08T09:19:07","guid":{"rendered":"https:\/\/clubstgeorges.fr\/?post_type=tribe_events&#038;p=4817"},"modified":"2024-07-25T20:30:48","modified_gmt":"2024-07-25T18:30:48","slug":"franck-rochard-trio-jazz-sur-la-ville","status":"publish","type":"tribe_events","link":"https:\/\/clubstgeorges.fr\/index.php\/evenement\/franck-rochard-trio-jazz-sur-la-ville\/","title":{"rendered":"Franck Rochard Trio &#8211; Jazz sur la ville"},"content":{"rendered":"<div class=\"line-up__content mt-30 lg:mt-60\">\n<div class=\"line-up__content__text open\">\n<div class=\"wysiwyg\">\n<div>\n<div class=\"entry-content-asset videofit\"><iframe loading=\"lazy\" title=\"Franck Rochard Trio Jazz \u00e0 Vienne 2024\" width=\"720\" height=\"405\" src=\"https:\/\/www.youtube.com\/embed\/1uwbIkaKCgw?feature=oembed\" frameborder=\"0\" allow=\"accelerometer; autoplay; clipboard-write; encrypted-media; gyroscope; picture-in-picture; web-share\" referrerpolicy=\"strict-origin-when-cross-origin\" allowfullscreen><\/iframe><\/div>\n<p>\u00c9tudes r\u00e9alis\u00e9es au conservatoire de Massy puis \u00e0 La Sorbonne, dipl\u00f4m\u00e9 d&rsquo;\u00c9tat en jazz, admissible au C.A. en jazz, en apprentissage instrumental aupr\u00e8s de John Scofield, Philippe Catherine, Tal Farlow&#8230; <strong>Franck Rochard<\/strong> a fait de nombreuses rencontres ! Du duo au big-band, en clubs, concerts et festivals tels que La Villette, Aulnay-sous-Bois, le festival Biguine-Jazz de Paris, le Carrefour mondial des guitares (Fort-de-France), Ste-Lucia Jazz Festival ; il a aussi men\u00e9 diverses tourn\u00e9es nationales et internationales (Suisse, Allemagne, Portugal, Angleterre, \u2026).<\/p>\n<p>Il propose un style qui oscille entre jazz \u00e9lectrique (Pierre-Jean Gaucher, Pierre-Louis Garcia) et musique acoustique via une passion pour la guitare manouche (Romain Brizemur).<\/p>\n<p>Au festival cette ann\u00e9e, il sera accompagn\u00e9 de deux musiciens, tous les trois faisant partie du Collectif des musiciens du Jazz-Club Saint-Georges de Vienne.<\/p>\n<p>Line-up :<\/p>\n<ul>\n<li><strong>Franck Rochard<\/strong> (guitare)<\/li>\n<li><strong>Nicolas Jacob\u00e9e<\/strong> (contrebasse)<\/li>\n<li><strong>Roger Boghossian<\/strong> (batterie)<\/li>\n<\/ul>\n<\/div>\n<\/div>\n<\/div>\n<\/div>\n","protected":false},"excerpt":{"rendered":"<p>\u00c9tudes r\u00e9alis\u00e9es au conservatoire de Massy puis \u00e0 La Sorbonne, dipl\u00f4m\u00e9 d&rsquo;\u00c9tat en jazz, admissible au C.A. en jazz, en apprentissage instrumental aupr\u00e8s de John Scofield, Philippe Catherine, Tal Farlow&#8230;&#8230;<\/p>\n","protected":false},"author":1,"featured_media":4869,"template":"","meta":{"_kad_post_transparent":"","_kad_post_title":"","_kad_post_layout":"","_kad_post_sidebar_id":"","_kad_post_content_style":"","_kad_post_vertical_padding":"","_kad_post_feature":"","_kad_post_feature_position":"","_kad_post_header":false,"_kad_post_footer":false,"_tribe_events_status":"","_tribe_events_status_reason":"","footnotes":""},"tags":[],"tribe_events_cat":[],"class_list":["post-4817","tribe_events","type-tribe_events","status-publish","has-post-thumbnail","hentry"],"_links":{"self":[{"href":"https:\/\/clubstgeorges.fr\/index.php\/wp-json\/wp\/v2\/tribe_events\/4817","targetHints":{"allow":["GET"]}}],"collection":[{"href":"https:\/\/clubstgeorges.fr\/index.php\/wp-json\/wp\/v2\/tribe_events"}],"about":[{"href":"https:\/\/clubstgeorges.fr\/index.php\/wp-json\/wp\/v2\/types\/tribe_events"}],"author":[{"embeddable":true,"href":"https:\/\/clubstgeorges.fr\/index.php\/wp-json\/wp\/v2\/users\/1"}],"version-history":[{"count":3,"href":"https:\/\/clubstgeorges.fr\/index.php\/wp-json\/wp\/v2\/tribe_events\/4817\/revisions"}],"predecessor-version":[{"id":4867,"href":"https:\/\/clubstgeorges.fr\/index.php\/wp-json\/wp\/v2\/tribe_events\/4817\/revisions\/4867"}],"wp:featuredmedia":[{"embeddable":true,"href":"https:\/\/clubstgeorges.fr\/index.php\/wp-json\/wp\/v2\/media\/4869"}],"wp:attachment":[{"href":"https:\/\/clubstgeorges.fr\/index.php\/wp-json\/wp\/v2\/media?parent=4817"}],"wp:term":[{"taxonomy":"post_tag","embeddable":true,"href":"https:\/\/clubstgeorges.fr\/index.php\/wp-json\/wp\/v2\/tags?post=4817"},{"taxonomy":"tribe_events_cat","embeddable":true,"href":"https:\/\/clubstgeorges.fr\/index.php\/wp-json\/wp\/v2\/tribe_events_cat?post=4817"}],"curies":[{"name":"wp","href":"https:\/\/api.w.org\/{rel}","templated":true}]}}

<div class="line-up__content mt-30 lg:mt-60">
<div class="line-up__content__text open">
<div class="wysiwyg">
<div>
<div class="entry-content-asset videofit"><iframe loading="lazy" title="Franck Rochard Trio Jazz à Vienne 2024" width="720" height="405" src="https://www.youtube.com/embed/1uwbIkaKCgw?feature=oembed" frameborder="0" allow="accelerometer; autoplay; clipboard-write; encrypted-media; gyroscope; picture-in-picture; web-share" referrerpolicy="strict-origin-when-cross-origin" allowfullscreen></iframe></div>
<p>Études réalisées au conservatoire de Massy puis à La Sorbonne, diplômé d&rsquo;État en jazz, admissible au C.A. en jazz, en apprentissage instrumental auprès de John Scofield, Philippe Catherine, Tal Farlow&#8230; <strong>Franck Rochard</strong> a fait de nombreuses rencontres ! Du duo au big-band, en clubs, concerts et festivals tels que La Villette, Aulnay-sous-Bois, le festival Biguine-Jazz de Paris, le Carrefour mondial des guitares (Fort-de-France), Ste-Lucia Jazz Festival ; il a aussi mené diverses tournées nationales et internationales (Suisse, Allemagne, Portugal, Angleterre, …).</p>
<p>Il propose un style qui oscille entre jazz électrique (Pierre-Jean Gaucher, Pierre-Louis Garcia) et musique acoustique via une passion pour la guitare manouche (Romain Brizemur).</p>
<p>Au festival cette année, il sera accompagné de deux musiciens, tous les trois faisant partie du Collectif des musiciens du Jazz-Club Saint-Georges de Vienne.</p>
<p>Line-up :</p>
<ul>
<li><strong>Franck Rochard</strong> (guitare)</li>
<li><strong>Nicolas Jacobée</strong> (contrebasse)</li>
<li><strong>Roger Boghossian</strong> (batterie)</li>
</ul>
</div>
</div>
</div>
</div>

<p>Études réalisées au conservatoire de Massy puis à La Sorbonne, diplômé d&rsquo;État en jazz, admissible au C.A. en jazz, en apprentissage instrumental auprès de John Scofield, Philippe Catherine, Tal Farlow&#8230;&#8230;</p>
