{"id":2,"date":"2024-01-05T18:12:39","date_gmt":"2024-01-05T17:12:39","guid":{"rendered":"http:\/\/clubstgeorges.fr\/?page_id=2"},"modified":"2024-12-24T17:38:23","modified_gmt":"2024-12-24T16:38:23","slug":"index","status":"publish","type":"page","link":"https:\/\/clubstgeorges.fr\/","title":{"rendered":"Home"},"content":{"rendered":"\n<figure class=\"wp-block-image size-large has-custom-border is-style-rounded\"><img loading=\"lazy\" decoding=\"async\" width=\"1024\" height=\"542\" src=\"https:\/\/clubstgeorges.fr\/wp-content\/uploads\/2024\/12\/Club-St-Georges-_-La-Scene-_-1200px-avec-logo-1-1024x542.jpg\" alt=\"\" class=\"wp-image-5096\" style=\"border-radius:21px\" srcset=\"https:\/\/clubstgeorges.fr\/wp-content\/uploads\/2024\/12\/Club-St-Georges-_-La-Scene-_-1200px-avec-logo-1-1024x542.jpg 1024w, https:\/\/clubstgeorges.fr\/wp-content\/uploads\/2024\/12\/Club-St-Georges-_-La-Scene-_-1200px-avec-logo-1-300x159.jpg 300w, https:\/\/clubstgeorges.fr\/wp-content\/uploads\/2024\/12\/Club-St-Georges-_-La-Scene-_-1200px-avec-logo-1-768x406.jpg 768w, https:\/\/clubstgeorges.fr\/wp-content\/uploads\/2024\/12\/Club-St-Georges-_-La-Scene-_-1200px-avec-logo-1.jpg 1200w\" sizes=\"auto, (max-width: 1024px) 100vw, 1024px\" \/><\/figure>\n\n\n<!=========Events list Template 2.6.2=========><div id=\"ect-events-list-content\"><div id=\"list-wrp\" class=\"ect-list-wrapper all\"><div id=\"event-5596\" class=\"ect-list-post style-1 ect-simple-event future\"><div class=\"ect-list-post-left \">\n\t\t\t\t<div class=\"ect-list-img\" style=\"background-image:url(&#039;https:\/\/clubstgeorges.fr\/wp-content\/uploads\/2026\/01\/FAT-Lyon-1024x583.jpg&#039;);background-size:cover;\"><a href=\"https:\/\/clubstgeorges.fr\/index.php\/evenement\/frederic-arnoux-trio\/\" alt=\"Fr\u00e9d\u00e9ric Arnoux Trio\" rel=\"bookmark\"><div class=\"ect-list-date\"><div class=\"ect-date-area default-schedule\"><span class=\"ev-day\">17<\/span>\n\t\t\t\t\t<span class=\"ev-mo\">avril<\/span>\n\t\t\t\t\t<span class=\"ev-yr\">2026<\/span><\/div><\/div><\/a><\/div><\/div><!-- left-post close --><div class=\"ect-list-post-right\">\n\t\t\t\t<div class=\"ect-list-post-right-table\"><div class=\"ect-list-description\" style=\"width:100%;\"><h2 class=\"ect-list-title\"><a class=\"ect-event-url\" href=\"https:\/\/clubstgeorges.fr\/index.php\/evenement\/frederic-arnoux-trio\/\" rel=\"bookmark\">Fr\u00e9d\u00e9ric Arnoux Trio<\/a><\/h2><!-- Event Content --><div class=\"ect-event-content\"><p>Une \"Gypsy World Music\" audacieuse et bouillonnante qui va chercher ses racines dans les musiques latines, africaines ou indiennes !<\/p>\n<\/div><!-- Event Ticket Price Info -->\n                 <div class=\"ect-rate-area\">\n                 <span class=\"ect-icon\"><i class=\"ect-icon-ticket\"><\/i><\/span>\n                 <span class=\"ect-rate\">15\u20ac<\/span>\n                 <\/div><a href=\"https:\/\/clubstgeorges.fr\/index.php\/evenement\/frederic-arnoux-trio\/\" class=\"ect-events-read-more\" rel=\"bookmark\">En savoir plus ..<\/a><\/div><\/div><\/div><!-- right-wrapper close --><\/div><!-- event-loop-end --><div id=\"event-5631\" class=\"ect-list-post style-1 ect-simple-event future\"><div class=\"ect-list-post-left \">\n\t\t\t\t<div class=\"ect-list-img\" style=\"background-image:url(&#039;https:\/\/clubstgeorges.fr\/wp-content\/uploads\/2026\/01\/bailando-1024x637.jpg&#039;);background-size:cover;\"><a href=\"https:\/\/clubstgeorges.fr\/index.php\/evenement\/duo-pepe-haro-myriam-tchalian\/\" alt=\"Duo Pepe Haro &#038; Myriam Tchalian\" rel=\"bookmark\"><div class=\"ect-list-date\"><div class=\"ect-date-area default-schedule\"><span class=\"ev-day\">19<\/span>\n\t\t\t\t\t<span class=\"ev-mo\">avril<\/span>\n\t\t\t\t\t<span class=\"ev-yr\">2026<\/span><\/div><\/div><\/a><\/div><\/div><!-- left-post close --><div class=\"ect-list-post-right\">\n\t\t\t\t<div class=\"ect-list-post-right-table\"><div class=\"ect-list-description\" style=\"width:100%;\"><h2 class=\"ect-list-title\"><a class=\"ect-event-url\" href=\"https:\/\/clubstgeorges.fr\/index.php\/evenement\/duo-pepe-haro-myriam-tchalian\/\" rel=\"bookmark\">Duo Pepe Haro &#038; Myriam Tchalian<\/a><\/h2><!-- Event Content --><div class=\"ect-event-content\"><p>Pepe Haro, \u00e0 travers sa guitare, fait sonner l\u2019Andalousie et Myriam Tchalian danse la f\u00e9minit\u00e9, la sensibilit\u00e9, les joies et les peines !<\/p>\n<\/div><!-- Event Ticket Price Info -->\n                 <div class=\"ect-rate-area\">\n                 <span class=\"ect-icon\"><i class=\"ect-icon-ticket\"><\/i><\/span>\n                 <span class=\"ect-rate\">15\u20ac<\/span>\n                 <\/div><a href=\"https:\/\/clubstgeorges.fr\/index.php\/evenement\/duo-pepe-haro-myriam-tchalian\/\" class=\"ect-events-read-more\" rel=\"bookmark\">En savoir plus ..<\/a><\/div><\/div><\/div><!-- right-wrapper close --><\/div><!-- event-loop-end --><div id=\"event-5677\" class=\"ect-list-post style-1 ect-simple-event future\"><div class=\"ect-list-post-left \">\n\t\t\t\t<div class=\"ect-list-img\" style=\"background-image:url(&#039;https:\/\/clubstgeorges.fr\/wp-content\/uploads\/2026\/02\/WhatsApp-Image-2026-03-13-at-23.12.50-1024x1024.jpeg&#039;);background-size:cover;\"><a href=\"https:\/\/clubstgeorges.fr\/index.php\/evenement\/jazz-marionnettes\/\" alt=\"Jazz &#038; Marionnettes\" rel=\"bookmark\"><div class=\"ect-list-date\"><div class=\"ect-date-area default-schedule\"><span class=\"ev-day\">29<\/span>\n\t\t\t\t\t<span class=\"ev-mo\">avril<\/span>\n\t\t\t\t\t<span class=\"ev-yr\">2026<\/span><\/div><\/div><\/a><\/div><\/div><!-- left-post close --><div class=\"ect-list-post-right\">\n\t\t\t\t<div class=\"ect-list-post-right-table\"><div class=\"ect-list-description\" style=\"width:100%;\"><h2 class=\"ect-list-title\"><a class=\"ect-event-url\" href=\"https:\/\/clubstgeorges.fr\/index.php\/evenement\/jazz-marionnettes\/\" rel=\"bookmark\">Jazz &#038; Marionnettes<\/a><\/h2><!-- Event Content --><div class=\"ect-event-content\"><p>Venez d\u00e9couvrir les aventures de Georges le renard et ses amis, au pays du Jazz !<\/p>\n<\/div><a href=\"https:\/\/clubstgeorges.fr\/index.php\/evenement\/jazz-marionnettes\/\" class=\"ect-events-read-more\" rel=\"bookmark\">En savoir plus ..<\/a><\/div><\/div><\/div><!-- right-wrapper close --><\/div><!-- event-loop-end --><\/div><\/div>\n\n\n<div class=\"wp-block-columns is-layout-flex wp-container-core-columns-is-layout-9d6595d7 wp-block-columns-is-layout-flex\">\n<div class=\"wp-block-column is-layout-flow wp-block-column-is-layout-flow\" style=\"flex-basis:33.33%\">\n<figure class=\"wp-block-image size-full\"><img loading=\"lazy\" decoding=\"async\" width=\"548\" height=\"706\" src=\"https:\/\/clubstgeorges.fr\/wp-content\/uploads\/2024\/12\/PlanAccesstGeorgesFondBlancEtZoom.png\" alt=\"\" class=\"wp-image-5092\" srcset=\"https:\/\/clubstgeorges.fr\/wp-content\/uploads\/2024\/12\/PlanAccesstGeorgesFondBlancEtZoom.png 548w, https:\/\/clubstgeorges.fr\/wp-content\/uploads\/2024\/12\/PlanAccesstGeorgesFondBlancEtZoom-233x300.png 233w\" sizes=\"auto, (max-width: 548px) 100vw, 548px\" \/><\/figure>\n<\/div>\n\n\n\n<div class=\"wp-block-column is-layout-flow wp-block-column-is-layout-flow\" style=\"flex-basis:66.66%\">\n<figure class=\"wp-block-image size-large has-custom-border is-style-rounded\"><img loading=\"lazy\" decoding=\"async\" width=\"1024\" height=\"582\" src=\"https:\/\/clubstgeorges.fr\/wp-content\/uploads\/2024\/12\/Club-St-Georges-Zoom-Piano-1200v2-1024x582.jpg\" alt=\"\" class=\"wp-image-5094\" style=\"border-radius:20px\" srcset=\"https:\/\/clubstgeorges.fr\/wp-content\/uploads\/2024\/12\/Club-St-Georges-Zoom-Piano-1200v2-1024x582.jpg 1024w, https:\/\/clubstgeorges.fr\/wp-content\/uploads\/2024\/12\/Club-St-Georges-Zoom-Piano-1200v2-300x171.jpg 300w, https:\/\/clubstgeorges.fr\/wp-content\/uploads\/2024\/12\/Club-St-Georges-Zoom-Piano-1200v2-768x436.jpg 768w, https:\/\/clubstgeorges.fr\/wp-content\/uploads\/2024\/12\/Club-St-Georges-Zoom-Piano-1200v2.jpg 1200w\" sizes=\"auto, (max-width: 1024px) 100vw, 1024px\" \/><\/figure>\n<\/div>\n<\/div>\n","protected":false},"excerpt":{"rendered":"","protected":false},"author":1,"featured_media":0,"parent":0,"menu_order":0,"comment_status":"closed","ping_status":"open","template":"","meta":{"_kad_post_transparent":"","_kad_post_title":"hide","_kad_post_layout":"default","_kad_post_sidebar_id":"","_kad_post_content_style":"","_kad_post_vertical_padding":"default","_kad_post_feature":"","_kad_post_feature_position":"","_kad_post_header":false,"_kad_post_footer":false,"footnotes":""},"class_list":["post-2","page","type-page","status-publish","hentry"],"_links":{"self":[{"href":"https:\/\/clubstgeorges.fr\/index.php\/wp-json\/wp\/v2\/pages\/2","targetHints":{"allow":["GET"]}}],"collection":[{"href":"https:\/\/clubstgeorges.fr\/index.php\/wp-json\/wp\/v2\/pages"}],"about":[{"href":"https:\/\/clubstgeorges.fr\/index.php\/wp-json\/wp\/v2\/types\/page"}],"author":[{"embeddable":true,"href":"https:\/\/clubstgeorges.fr\/index.php\/wp-json\/wp\/v2\/users\/1"}],"replies":[{"embeddable":true,"href":"https:\/\/clubstgeorges.fr\/index.php\/wp-json\/wp\/v2\/comments?post=2"}],"version-history":[{"count":39,"href":"https:\/\/clubstgeorges.fr\/index.php\/wp-json\/wp\/v2\/pages\/2\/revisions"}],"predecessor-version":[{"id":5098,"href":"https:\/\/clubstgeorges.fr\/index.php\/wp-json\/wp\/v2\/pages\/2\/revisions\/5098"}],"wp:attachment":[{"href":"https:\/\/clubstgeorges.fr\/index.php\/wp-json\/wp\/v2\/media?parent=2"}],"curies":[{"name":"wp","href":"https:\/\/api.w.org\/{rel}","templated":true}]}}